{"id":549,"date":"2018-09-30T12:02:18","date_gmt":"2018-09-30T10:02:18","guid":{"rendered":"https:\/\/lafrenchcoop.fr\/site\/?page_id=549"},"modified":"2022-08-27T12:57:36","modified_gmt":"2022-08-27T10:57:36","slug":"fonctionnement-epicerie-test","status":"publish","type":"page","link":"https:\/\/lafrenchcoop.fr\/site\/fonctionnement-epicerie-test","title":{"rendered":"Fonctionnement \u00e9picerie test"},"content":{"rendered":"\n<p>L\u2019\u00e9picerie \u00ab test \u00bb a ouvert ses portes en novembre 2019 \u00e0 l\u2019issue d\u2019une campagne de crowdfunding.<br><\/p>\n\n\n\n<p>Comme un \u00ab laboratoire \u00bb de la grande \u00e9picerie coop\u00e9rative, elle permet aux adh\u00e9rents d&rsquo;avoir acc\u00e8s aux produits, de se former aux diff\u00e9rentes t\u00e2ches inh\u00e9rentes \u00e0 la gestion d\u2019un magasin et de s\u2019initier \u00e0 la coop\u00e9ration.<br><\/p>\n\n\n\n<p>L\u2019association s&rsquo;est transform\u00e9e en un combo association + coop\u00e9rative en octobre 2021; la prochaine grande \u00e9tape est de concr\u00e9tiser la transformation de la petite \u00e9picerie en une \u00e9picerie plus grande.<br><\/p>\n\n\n\n<p><em>Rejoignez la French Coop !<\/em><\/p>\n\n\n\n<div class=\"wp-block-image\"><figure class=\"aligncenter size-large is-resized\"><img loading=\"lazy\" src=\"https:\/\/lafrenchcoop.fr\/site\/wp-content\/uploads\/2018\/10\/epicerie_vitrine-835x1024.jpg\" alt=\"\" class=\"wp-image-3549\" width=\"418\" height=\"512\" srcset=\"https:\/\/lafrenchcoop.fr\/site\/wp-content\/uploads\/2018\/10\/epicerie_vitrine-835x1024.jpg 835w, https:\/\/lafrenchcoop.fr\/site\/wp-content\/uploads\/2018\/10\/epicerie_vitrine-245x300.jpg 245w, https:\/\/lafrenchcoop.fr\/site\/wp-content\/uploads\/2018\/10\/epicerie_vitrine-768x941.jpg 768w, https:\/\/lafrenchcoop.fr\/site\/wp-content\/uploads\/2018\/10\/epicerie_vitrine.jpg 1174w\" sizes=\"(max-width: 418px) 100vw, 418px\" \/><\/figure><\/div>\n\n\n\n<div class=\"wp-block-image\"><figure class=\"aligncenter size-large is-resized\"><img loading=\"lazy\" src=\"https:\/\/lafrenchcoop.fr\/site\/wp-content\/uploads\/2020\/04\/epicerie_facing-1024x684.jpg\" alt=\"\" class=\"wp-image-56137\" width=\"512\" height=\"342\" srcset=\"https:\/\/lafrenchcoop.fr\/site\/wp-content\/uploads\/2020\/04\/epicerie_facing-1024x684.jpg 1024w, https:\/\/lafrenchcoop.fr\/site\/wp-content\/uploads\/2020\/04\/epicerie_facing-300x200.jpg 300w, https:\/\/lafrenchcoop.fr\/site\/wp-content\/uploads\/2020\/04\/epicerie_facing-768x513.jpg 768w, https:\/\/lafrenchcoop.fr\/site\/wp-content\/uploads\/2020\/04\/epicerie_facing-1536x1025.jpg 1536w, https:\/\/lafrenchcoop.fr\/site\/wp-content\/uploads\/2020\/04\/epicerie_facing-360x240.jpg 360w, https:\/\/lafrenchcoop.fr\/site\/wp-content\/uploads\/2020\/04\/epicerie_facing.jpg 2048w\" sizes=\"(max-width: 512px) 100vw, 512px\" \/><\/figure><\/div>\n\n\n\n<div class=\"wp-block-image\"><figure class=\"aligncenter size-large is-resized\"><img loading=\"lazy\" src=\"https:\/\/lafrenchcoop.fr\/site\/wp-content\/uploads\/2020\/05\/epicerie_pains-1024x1024-1-1024x1024.jpg\" alt=\"\" class=\"wp-image-58767\" width=\"512\" height=\"512\" srcset=\"https:\/\/lafrenchcoop.fr\/site\/wp-content\/uploads\/2020\/05\/epicerie_pains-1024x1024-1.jpg 1024w, https:\/\/lafrenchcoop.fr\/site\/wp-content\/uploads\/2020\/05\/epicerie_pains-1024x1024-1-300x300.jpg 300w, https:\/\/lafrenchcoop.fr\/site\/wp-content\/uploads\/2020\/05\/epicerie_pains-1024x1024-1-150x150.jpg 150w, https:\/\/lafrenchcoop.fr\/site\/wp-content\/uploads\/2020\/05\/epicerie_pains-1024x1024-1-768x768.jpg 768w\" sizes=\"(max-width: 512px) 100vw, 512px\" \/><\/figure><\/div>\n","protected":false},"excerpt":{"rendered":"<p>L\u2019\u00e9picerie \u00ab test \u00bb a ouvert ses portes en novembre 2019 \u00e0 l\u2019issue d\u2019une campagne de crowdfunding. Comme un \u00ab laboratoire \u00bb de la grande \u00e9picerie coop\u00e9rative, elle permet aux adh\u00e9rents d&rsquo;avoir acc\u00e8s aux produits, de se former aux diff\u00e9rentes t\u00e2ches inh\u00e9rentes \u00e0 la gestion d\u2019un magasin et de s\u2019initier [&hellip;]<\/p>\n","protected":false},"author":4,"featured_media":0,"parent":0,"menu_order":0,"comment_status":"closed","ping_status":"closed","template":"","meta":[],"yoast_head":"<!-- This site is optimized with the Yoast SEO plugin v17.9 - https:\/\/yoast.com\/wordpress\/plugins\/seo\/ -->\n<title>Fonctionnement \u00e9picerie test - La French Coop<\/title>\n<meta name=\"robots\" content=\"index, follow, max-snippet:-1, max-image-preview:large, max-video-preview:-1\" \/>\n<link rel=\"canonical\" href=\"https:\/\/lafrenchcoop.fr\/site\/fonctionnement-epicerie-test\" \/>\n<meta property=\"og:locale\" content=\"fr_FR\" \/>\n<meta property=\"og:type\" content=\"article\" \/>\n<meta property=\"og:title\" content=\"Fonctionnement \u00e9picerie test - La French Coop\" \/>\n<meta property=\"og:description\" content=\"L\u2019\u00e9picerie \u00ab test \u00bb a ouvert ses portes en novembre 2019 \u00e0 l\u2019issue d\u2019une campagne de crowdfunding. Comme un \u00ab laboratoire \u00bb de la grande \u00e9picerie coop\u00e9rative, elle permet aux adh\u00e9rents d&rsquo;avoir acc\u00e8s aux produits, de se former aux diff\u00e9rentes t\u00e2ches inh\u00e9rentes \u00e0 la gestion d\u2019un magasin et de s\u2019initier [&hellip;]\" \/>\n<meta property=\"og:url\" content=\"https:\/\/lafrenchcoop.fr\/site\/fonctionnement-epicerie-test\" \/>\n<meta property=\"og:site_name\" content=\"La French Coop\" \/>\n<meta property=\"article:publisher\" content=\"https:\/\/www.facebook.com\/lafrenchcoop\/\" \/>\n<meta property=\"article:modified_time\" content=\"2022-08-27T10:57:36+00:00\" \/>\n<meta property=\"og:image\" content=\"https:\/\/lafrenchcoop.fr\/site\/wp-content\/uploads\/2018\/10\/epicerie_vitrine-835x1024.jpg\" \/>\n<meta name=\"twitter:card\" content=\"summary_large_image\" \/>\n<meta name=\"twitter:site\" content=\"@FrenchCoop\" \/>\n<meta name=\"twitter:label1\" content=\"Dur\u00e9e de lecture estim\u00e9e\" \/>\n\t<meta name=\"twitter:data1\" content=\"2 minutes\" \/>\n<script type=\"application\/ld+json\" class=\"yoast-schema-graph\">{\"@context\":\"https:\/\/schema.org\",\"@graph\":[{\"@type\":\"WebSite\",\"@id\":\"https:\/\/lafrenchcoop.fr\/site\/#website\",\"url\":\"https:\/\/lafrenchcoop.fr\/site\/\",\"name\":\"La French Coop\",\"description\":\"L&#039;\\u00e9picerie coop\\u00e9rative et participative d&#039;Asni\\u00e8res-sur-Seine !\",\"potentialAction\":[{\"@type\":\"SearchAction\",\"target\":{\"@type\":\"EntryPoint\",\"urlTemplate\":\"https:\/\/lafrenchcoop.fr\/site\/?s={search_term_string}\"},\"query-input\":\"required name=search_term_string\"}],\"inLanguage\":\"fr-FR\"},{\"@type\":\"ImageObject\",\"@id\":\"https:\/\/lafrenchcoop.fr\/site\/fonctionnement-epicerie-test#primaryimage\",\"inLanguage\":\"fr-FR\",\"url\":\"https:\/\/lafrenchcoop.fr\/site\/wp-content\/uploads\/2018\/10\/epicerie_vitrine.jpg\",\"contentUrl\":\"https:\/\/lafrenchcoop.fr\/site\/wp-content\/uploads\/2018\/10\/epicerie_vitrine.jpg\",\"width\":1174,\"height\":1439},{\"@type\":\"WebPage\",\"@id\":\"https:\/\/lafrenchcoop.fr\/site\/fonctionnement-epicerie-test#webpage\",\"url\":\"https:\/\/lafrenchcoop.fr\/site\/fonctionnement-epicerie-test\",\"name\":\"Fonctionnement \\u00e9picerie test - La French Coop\",\"isPartOf\":{\"@id\":\"https:\/\/lafrenchcoop.fr\/site\/#website\"},\"primaryImageOfPage\":{\"@id\":\"https:\/\/lafrenchcoop.fr\/site\/fonctionnement-epicerie-test#primaryimage\"},\"datePublished\":\"2018-09-30T10:02:18+00:00\",\"dateModified\":\"2022-08-27T10:57:36+00:00\",\"breadcrumb\":{\"@id\":\"https:\/\/lafrenchcoop.fr\/site\/fonctionnement-epicerie-test#breadcrumb\"},\"inLanguage\":\"fr-FR\",\"potentialAction\":[{\"@type\":\"ReadAction\",\"target\":[\"https:\/\/lafrenchcoop.fr\/site\/fonctionnement-epicerie-test\"]}]},{\"@type\":\"BreadcrumbList\",\"@id\":\"https:\/\/lafrenchcoop.fr\/site\/fonctionnement-epicerie-test#breadcrumb\",\"itemListElement\":[{\"@type\":\"ListItem\",\"position\":1,\"name\":\"Accueil\",\"item\":\"https:\/\/lafrenchcoop.fr\/site\/\"},{\"@type\":\"ListItem\",\"position\":2,\"name\":\"Fonctionnement \\u00e9picerie test\"}]}]}<\/script>\n<!-- \/ Yoast SEO plugin. -->","yoast_head_json":{"title":"Fonctionnement \u00e9picerie test - La French Coop","robots":{"index":"index","follow":"follow","max-snippet":"max-snippet:-1","max-image-preview":"max-image-preview:large","max-video-preview":"max-video-preview:-1"},"canonical":"https:\/\/lafrenchcoop.fr\/site\/fonctionnement-epicerie-test","og_locale":"fr_FR","og_type":"article","og_title":"Fonctionnement \u00e9picerie test - La French Coop","og_description":"L\u2019\u00e9picerie \u00ab test \u00bb a ouvert ses portes en novembre 2019 \u00e0 l\u2019issue d\u2019une campagne de crowdfunding. Comme un \u00ab laboratoire \u00bb de la grande \u00e9picerie coop\u00e9rative, elle permet aux adh\u00e9rents d&rsquo;avoir acc\u00e8s aux produits, de se former aux diff\u00e9rentes t\u00e2ches inh\u00e9rentes \u00e0 la gestion d\u2019un magasin et de s\u2019initier [&hellip;]","og_url":"https:\/\/lafrenchcoop.fr\/site\/fonctionnement-epicerie-test","og_site_name":"La French Coop","article_publisher":"https:\/\/www.facebook.com\/lafrenchcoop\/","article_modified_time":"2022-08-27T10:57:36+00:00","og_image":[{"url":"https:\/\/lafrenchcoop.fr\/site\/wp-content\/uploads\/2018\/10\/epicerie_vitrine-835x1024.jpg"}],"twitter_card":"summary_large_image","twitter_site":"@FrenchCoop","twitter_misc":{"Dur\u00e9e de lecture estim\u00e9e":"2 minutes"},"schema":{"@context":"https:\/\/schema.org","@graph":[{"@type":"WebSite","@id":"https:\/\/lafrenchcoop.fr\/site\/#website","url":"https:\/\/lafrenchcoop.fr\/site\/","name":"La French Coop","description":"L&#039;\u00e9picerie coop\u00e9rative et participative d&#039;Asni\u00e8res-sur-Seine !","potentialAction":[{"@type":"SearchAction","target":{"@type":"EntryPoint","urlTemplate":"https:\/\/lafrenchcoop.fr\/site\/?s={search_term_string}"},"query-input":"required name=search_term_string"}],"inLanguage":"fr-FR"},{"@type":"ImageObject","@id":"https:\/\/lafrenchcoop.fr\/site\/fonctionnement-epicerie-test#primaryimage","inLanguage":"fr-FR","url":"https:\/\/lafrenchcoop.fr\/site\/wp-content\/uploads\/2018\/10\/epicerie_vitrine.jpg","contentUrl":"https:\/\/lafrenchcoop.fr\/site\/wp-content\/uploads\/2018\/10\/epicerie_vitrine.jpg","width":1174,"height":1439},{"@type":"WebPage","@id":"https:\/\/lafrenchcoop.fr\/site\/fonctionnement-epicerie-test#webpage","url":"https:\/\/lafrenchcoop.fr\/site\/fonctionnement-epicerie-test","name":"Fonctionnement \u00e9picerie test - La French Coop","isPartOf":{"@id":"https:\/\/lafrenchcoop.fr\/site\/#website"},"primaryImageOfPage":{"@id":"https:\/\/lafrenchcoop.fr\/site\/fonctionnement-epicerie-test#primaryimage"},"datePublished":"2018-09-30T10:02:18+00:00","dateModified":"2022-08-27T10:57:36+00:00","breadcrumb":{"@id":"https:\/\/lafrenchcoop.fr\/site\/fonctionnement-epicerie-test#breadcrumb"},"inLanguage":"fr-FR","potentialAction":[{"@type":"ReadAction","target":["https:\/\/lafrenchcoop.fr\/site\/fonctionnement-epicerie-test"]}]},{"@type":"BreadcrumbList","@id":"https:\/\/lafrenchcoop.fr\/site\/fonctionnement-epicerie-test#breadcrumb","itemListElement":[{"@type":"ListItem","position":1,"name":"Accueil","item":"https:\/\/lafrenchcoop.fr\/site\/"},{"@type":"ListItem","position":2,"name":"Fonctionnement \u00e9picerie test"}]}]}},"_links":{"self":[{"href":"https:\/\/lafrenchcoop.fr\/site\/wp-json\/wp\/v2\/pages\/549"}],"collection":[{"href":"https:\/\/lafrenchcoop.fr\/site\/wp-json\/wp\/v2\/pages"}],"about":[{"href":"https:\/\/lafrenchcoop.fr\/site\/wp-json\/wp\/v2\/types\/page"}],"author":[{"embeddable":true,"href":"https:\/\/lafrenchcoop.fr\/site\/wp-json\/wp\/v2\/users\/4"}],"replies":[{"embeddable":true,"href":"https:\/\/lafrenchcoop.fr\/site\/wp-json\/wp\/v2\/comments?post=549"}],"version-history":[{"count":12,"href":"https:\/\/lafrenchcoop.fr\/site\/wp-json\/wp\/v2\/pages\/549\/revisions"}],"predecessor-version":[{"id":194030,"href":"https:\/\/lafrenchcoop.fr\/site\/wp-json\/wp\/v2\/pages\/549\/revisions\/194030"}],"wp:attachment":[{"href":"https:\/\/lafrenchcoop.fr\/site\/wp-json\/wp\/v2\/media?parent=549"}],"curies":[{"name":"wp","href":"https:\/\/api.w.org\/{rel}","templated":true}]}}